{"id":38,"date":"2011-08-23T16:02:29","date_gmt":"2011-08-23T14:02:29","guid":{"rendered":"http:\/\/keinbierfuernazis.noblogs.org\/?page_id=38"},"modified":"2013-12-12T20:55:30","modified_gmt":"2013-12-12T19:55:30","slug":"material","status":"publish","type":"page","link":"https:\/\/keinbierfuernazis.noblogs.org\/?page_id=38","title":{"rendered":"Material"},"content":{"rendered":"<p>H\u00e4ufig mieten Nazis R\u00e4ume unter dem Deckmantel privater Feiern an. Der Deutsche Hotel- und Gastst\u00e4ttenverband (Dehoga) und das mobile Beratungsteam gegen Rechtsextremismus hat die Brosch\u00fcre \u201eRechtsextremisten nicht auf den Leim gehen: ein Ratgeber f\u00fcr die Gastronomie\u201c heraus gebracht, um Gastwirte vor einem b\u00f6sen Erwachen zu bewahren. Die kostenfreie Brosch\u00fcre (pdf-Datei) kann <a href=\"https:\/\/keinbierfuernazis.noblogs.org\/files\/2011\/09\/AL_Dehoga_Freigabe.pdf\">hier<\/a> heruntergeladen werden. <\/p>\n<p>Inzwischen hat die K\u00f6lner Mobile Beratung gegen Rechtsextremismus die Brosch\u00fcre &#8222;Keine R\u00e4ume f\u00fcr Nazis&#8220; mit regionalem Bezug ver\u00f6ffentlicht. Die Brosch\u00fcre kann <a href=\"http:\/\/www.wuppertaler-initiative.de\/402-broschuere-keine-raeume-fuer-nazis\">hier<\/a> heruntergeladen werden. <\/p>\n<hr>\n<p>Es begann mit einem brutalen \u00dcberfall: Im Sommer 2010 verpr\u00fcgelt eine Gruppe von Neonazis einen Barkeeper in einem Restaurant mitten in Regensburg. Die Stadt verf\u00e4llt zun\u00e4chst in Schockstarre, nichts passiert. Doch dann entwickelt sich Widerstand. Inzwischen gilt die Initiative &#8222;Keine Bedienung f\u00fcr Nazis&#8220; bayernweit als Vorzeigeprojekt. &#8211; <a href=\"http:\/\/www.sueddeutsche.de\/bayern\/initiative-von-wirten-gegen-rechtsextremismus-kein-bier-fuer-nazis-1.1296177\">zum Artikel<\/a> der am 1. M\u00e4rz 2012 in der S\u00fcddeutschen Zeitung erschienen ist<\/p>\n<hr>\n<p><strong>\u201eKein Bier f\u00fcr Nazis\u201c &#8211; Restaurants zeigen Flagge:<\/strong> &#8222;Der 20-j\u00e4hrige Cenk Nickel hat die Initiative gegr\u00fcndet. Binnen k\u00fcrzester Zeit konnte er schon 100 Gastronomen \u00fcberzeugen.&#8220; &#8211; <a href=\"http:\/\/www.ln-online.de\/Lokales\/Luebeck\/Kein-Bier-fuer-Nazis-Restaurants-zeigen-Flagge\">zum Artikel<\/a> der am 20. Februar 2013 in den L\u00fcbecker Nachrichten erschienen ist<\/p>\n<hr>\n<p><strong>Hausverbote gegen Neonazis:<\/strong> &#8222;Regensburger Wirte weisen Nazis die T\u00fcr&#8220; &#8211; <a href=\"http:\/\/www.nordbayern.de\/nuernberger-nachrichten\/region-bayern\/regensburger-wirte-weisen-nazis-die-tur-1.106752\">zum Artikel<\/a> der in den N\u00fcrnberger Nachrichten erschienen ist<\/p>\n<hr>\n<p><strong>Beschwerde &#8222;Kein Bier f\u00fcr Nazis&#8220;<\/strong> &#8222;Rechtsradikale Gruppen haben sich &#8211; teils unter falschem Namen &#8211; in Lokalen eingenistet. Jetzt sollen die M\u00fcnchner Wirte sensibilisiert werden, um nicht darauf hereinzufallen.&#8220; &#8211; <a href=\"http:\/\/www.abendzeitung-muenchen.de\/inhalt.beschwerde-kein-bier-fuer-nazis.cccfb490-3c4a-4080-aff5-3b7a61e18a52.html\">zum Artikel<\/a> der am 23. Oktober 2013 in der Abendzeitung M\u00fcnchen erschienen ist<\/p>\n<hr>\n<p><strong>\u201eKein K\u00f6lsch f\u00fcr Nazis\u201d:<\/strong> Mehr als 150 K\u00f6lner Kneipen und Kulturschaffende beteiligen sich an der Aktion \u201eKneipenkultur gegen rechts &#8211; Kein K\u00f6lsch f\u00fcr Nazis\u201c &#8211; <a href=\"http:\/\/www.ksta.de\/html\/artikel\/1218352602149.shtml\">zum Artikel<\/a> der im K\u00f6lner Stadt-Anzeiger erschienen ist<\/p>\n<hr>\n<p><strong>Sch\u00f6ner wohnen ohne Nazis:<\/strong> Das k\u00f6nnen Hausbesitzer gegen rechtsradikale Mieter tun &#8211; <a href=\"http:\/\/www.rhein-zeitung.de\/startseite_artikel,-Das-koennen-Hausbesitzer-gegen-rechtsradikale-Mieter-tun-_arid,395628.html\">zum Artikel<\/a> der in der Rhein-Zeitung erschienen ist<\/p>\n<hr>\n<p><strong>\u201eVolles Vertrauen in die Polizei\u201c:<\/strong> Messerangriffe, Kn\u00fcppel, Hakenkreuzschmiereien. Wuppertal hat ein Neonazi-Problem. &#8211; <a href=\"http:\/\/www.mut-gegen-rechte-gewalt.de\/news\/meldungen\/wuppertal-9212\">zum Artikel<\/a> der im Oktober 2011 auf mut-gegen-rechte-gewalt.de erschienen ist<\/p>\n<hr>\n<p><strong>\u201eAktiv gegen extrem rechte Zeitungen\u201c:<\/strong> Eine <a href=\"http:\/\/www.aktiv-gegen-diskriminierung.info\/sites\/aktiv-gegen-diskriminierung.info\/files\/pdfs\/ebook_aktiv_gegen_extrem_rechte_zeitungen_apabiz_verdij_jugend.pdf\">Brosch\u00fcre<\/a> der ver.di Jugend f\u00fcr Aktionen gegen den Verkauf extrem rechter Zeitungen, mit Hintergrundinfos.<\/p>\n","protected":false},"excerpt":{"rendered":"<p>H\u00e4ufig mieten Nazis R\u00e4ume unter dem Deckmantel privater Feiern an. Der Deutsche Hotel- und Gastst\u00e4ttenverband (Dehoga) und das mobile Beratungsteam gegen Rechtsextremismus hat die Brosch\u00fcre \u201eRechtsextremisten nicht auf den Leim gehen: ein Ratgeber f\u00fcr die Gastronomie\u201c heraus gebracht, um Gastwirte vor einem b\u00f6sen Erwachen zu bewahren. Die kostenfreie Brosch\u00fcre (pdf-Datei) kann hier heruntergeladen werden. Inzwischen&hellip;<\/p>\n","protected":false},"author":2872,"featured_media":0,"parent":0,"menu_order":3,"comment_status":"closed","ping_status":"closed","template":"","meta":{"footnotes":""},"class_list":["post-38","page","type-page","status-publish","hentry"],"_links":{"self":[{"href":"https:\/\/keinbierfuernazis.noblogs.org\/index.php?rest_route=\/wp\/v2\/pages\/38","targetHints":{"allow":["GET"]}}],"collection":[{"href":"https:\/\/keinbierfuernazis.noblogs.org\/index.php?rest_route=\/wp\/v2\/pages"}],"about":[{"href":"https:\/\/keinbierfuernazis.noblogs.org\/index.php?rest_route=\/wp\/v2\/types\/page"}],"author":[{"embeddable":true,"href":"https:\/\/keinbierfuernazis.noblogs.org\/index.php?rest_route=\/wp\/v2\/users\/2872"}],"replies":[{"embeddable":true,"href":"https:\/\/keinbierfuernazis.noblogs.org\/index.php?rest_route=%2Fwp%2Fv2%2Fcomments&post=38"}],"version-history":[{"count":13,"href":"https:\/\/keinbierfuernazis.noblogs.org\/index.php?rest_route=\/wp\/v2\/pages\/38\/revisions"}],"predecessor-version":[{"id":149,"href":"https:\/\/keinbierfuernazis.noblogs.org\/index.php?rest_route=\/wp\/v2\/pages\/38\/revisions\/149"}],"wp:attachment":[{"href":"https:\/\/keinbierfuernazis.noblogs.org\/index.php?rest_route=%2Fwp%2Fv2%2Fmedia&parent=38"}],"curies":[{"name":"wp","href":"https:\/\/api.w.org\/{rel}","templated":true}]}}